f 105856379?
8
What is the tens digit of 1919307144?
4
What is the thousands digit of 9261594?
1
What is the units digit of 32280817?
7
What is the hundred millions digit of 5232551371?
2
What is the units digit of 552568991?
1
What is the ten millions digit of 1691079143?
9
What is the hundred millions digit of 472630616?
4
What is the thousands digit of 167378598?
8
What is the hundreds digit of 43495798?
7
What is the hundreds digit of 1666186264?
2
What is the ten thousands digit of 225529527?
2
What is the ten millions digit of 757593097?
5
What is the hundreds digit of 1257298004?
0
What is the tens digit of 381911687?
8
What is the ten thousands digit of 138682045?
8
What is the hundred thousands digit of 1160467430?
4
What is the units digit of 66423374?
4
What is the hundred thousands digit of 2136548755?
5
What is the ten thousands digit of 181953712?
5
What is the ten thousands digit of 4976708940?
0
What is the ten thousands digit of 300491202?
9
What is the hundreds digit of 49973134?
1
What is the millions digit of 24754869?
4
What is the hundred thousands digit of 59825047?
8
What is the ten thousands digit of 3492515?
9
What is the ten thousands digit of 82092909?
9
What is the ten thousands digit of 230800961?
0
What is the tens digit of 66714569?
6
What is the tens digit of 798546059?
5
What is the ten millions digit of 1427659194?
2
What is the tens digit of 1786464090?
9
What is the ten thousands digit of 102134388?
3
What is the thousands digit of 420163856?
3
What is the ten thousands digit of 55707598?
0
What is the hundreds digit of 86918713?
7
What is the hundreds digit of 38075312?
3
What is the tens digit of 185984434?
3
What is the ten thousands digit of 204620176?
2
What is the ten thousands digit of 145869017?
6
What is the tens digit of 77346708?
0
What is the millions digit of 880796020?
0
What is the tens digit of 33069087?
8
What is the thousands digit of 2789556?
9
What is the tens digit of 212887915?
1
What is the units digit of 39611389?
9
What is the millions digit of 148668830?
8
What is the billions digit of 3758829855?
3
What is the thousands digit of 1392242385?
2
What is the hundred millions digit of 5535950435?
5
What is the ten thousands digit of 27911209?
1
What is the hundreds digit of 229154456?
4
What is the hundreds digit of 5883253?
2
What is the hundreds digit of 1033834573?
5
What is the hundred millions digit of 948052424?
9
What is the hundred thousands digit of 180748600?
7
What is the hundred thousands digit of 145001186?
0
What is the hundreds digit of 58083737?
7
What is the tens digit of 69204524?
2
What is the millions digit of 51095645?
1
What is the tens digit of 3775740069?
6
What is the hundred thousands digit of 31666412?
6
What is the thousands digit of 69235657?
5
What is the hundred millions digit of 408266829?
4
What is the millions digit of 1014159250?
4
What is the units digit of 71636906?
6
What is the hundreds digit of 44736408?
4
What is the hundreds digit of 6977778?
7
What is the thousands digit of 167156992?
6
What is the ten millions digit of 55979545?
5
What is the thousands digit of 122685664?
5
What is the thousands digit of 775424025?
4
What is the ten millions digit of 1291968804?
9
What is the millions digit of 13331928?
3
What is the ten millions digit of 73982001?
7
What is the ten millions digit of 1271091166?
7
What is the units digit of 282389109?
9
What is the units digit of 18348023?
3
What is the hundred millions digit of 1782045786?
7
What is the units digit of 630915628?
8
What is the units digit of 6746014?
4
What is the ten millions digit of 976951221?
7
What is the hundred thousands digit of 101937596?
9
What is the units digit of 20937473?
3
What is the thousands digit of 16409887?
9
What is the hundreds digit of 1072704170?
1
What is the hundred thousands digit of 4804325112?
3
What is the thousands digit of 258949718?
9
What is the hundred millions digit of 739789132?
7
What is the ten millions digit of 300465904?
0
What is the hundred millions digit of 2588172403?
5
What is the hundreds digit of 490917618?
6
What is the hundreds digit of 33455742?
7
What is the hundred thousands digit of 1575384941?
3
What is the thousands digit of 3733837744?
7
What is the millions digit of 18271815?
8
What is the millions digit of 153652119?
3
What is the millions digit of 558689396?
8
What is the ten thousands digit of 42782989?
8
What is the ten thousands digit of 215172386?
7
What is the thousands digit of 1010523526?
3
What is the hundreds digit of 127031813?
8
What is the hundreds digit of 61369416?
4
What is the ten thousands digit of 122590081?
9
What is the hundred millions digit of 357734721?
3
What is the tens digit of 24379866?
6
What is the thousands digit of 110268614?
8
What is the hundred thousands digit of 1179591773?
5
What is the tens digit of 689508292?
9
What is the thousands digit of 347839012?
9
What is the thousands digit of 2975005130?
5
What is the thousands digit of 12386084?
6
What is the thousands digit of 431930084?
0
What is the ten millions digit of 369008444?
6
What is the hundred thousands digit of 203271251?
2
What is the hundred thousands digit of 283255767?
2
What is the units digit of 88335532?
2
What is the hundred thousands digit of 480437919?
4
What is the units digit of 443012209?
9
What is the units digit of 96173790?
0
What is the tens digit of 35338536?
3
What is the ten thousands digit of 2910277721?
7
What is the tens digit of 5626258660?
6
What is the hundred millions digit of 275081607?
2
What is the units digit of 896724273?
3
What is the tens digit of 10749353?
5
What is the ten millions digit of 919555519?
1
What is the millions digit of 102781857?
2
What is the ten millions digit of 16958791?
1
What is the hundreds digit of 87286865?
8
What is the hundred thousands digit of 637350327?
3
What is the hundred thousands digit of 59628524?
6
What is the hundred thousands digit of 3721725043?
7
What is the millions digit of 72315458?
2
What is the hundred millions digit of 789079483?
7
What is the hundred millions digit of 6376639627?
3
What is the billions digit of 2415391162?
2
What is the hundreds digit of 484595286?
2
What is the hundred thousands digit of 264033569?
0
What is the billions digit of 4312264644?
4
What is the thousands digit of 139271583?
1
What is the billions digit of 1347536314?
1
What is the ten thousands digit of 900908973?
0
What is the hundred thousands digit of 147300995?
3
What is the thousands digit of 7227465?
7
What is the tens digit of 751190033?
3
What is the hundred millions digit of 771841708?
7
What is the hundred thousands digit of 70827569?
8
What is the millions digit of 92159917?
2
What is the hundreds digit of 119433845?
8
What is the hundred thousands digit of 26686855?
6
What is the tens digit of 99129883?
8
What is the ten millions digit of 376443460?
7
What is the units digit of 77437354?
4
What is the ten thousands digit of 803090006?
9
What is the ten millions digit of 55619067?
5
What is the millions digit of 50817523?
0
What is the tens digit of 4015889057?
5
What is the units digit of 1892671699?
9
What is the hundred thousands digit of 199956549?
9
What is the ten millions digit of 34163149?
3
What is the millions digit of 13543546?
3
What is the ten thousands digit of 71285538?
8
What is the hundred thousands digit of 59052936?
0
What is the tens digit of 67998170?
7
What is the hundred thousands digit of 92540293?
5
What is the hundreds digit of 191929071?
0
What is the hundred millions digit of 3049085270?
0
What is the billions digit of 3351289293?
3
What is the tens digit of 1090629779?
7
What is the ten millions digit of 15547697?
1
What is the ten millions digit of 105690936?
0
What is the ten thousands digit of 2982551476?
5
What is the ten thousands digit of 1851514251?
1
What is the millions digit of 11660309?
1
What is the units digit of 15199596?
6
What is the hundred millions digit of 232976716?
2
What is the millions digit of 74452639?
4
What is the units digit of 11694804?
4
What is the ten thousands digit of 356532174?
3
What is the units digit of 11233102?
2
What is the tens digit of 3481851369?
6
What is the thousands digit of 142394119?
4
